 1510/6 + (-4)/6. Let t = f - a. Is t composite?
True
Let u(k) = -2*k**2 + 0*k**3 + 2*k**3 + 8 - 3 + 4*k. Let j be u(-4). Is (j + 1)*(-2)/4 a prime number?
False
Let m(k) = 269*k**3 + 0 + 10 + k**2 - 2*k + 178*k**3 - 9. Is m(1) composite?
True
Suppose -3*l = 4*b + 2532 + 323, -5*l = b + 735. Let s be -2078*2*(-2)/8. Let g = b + s. Is g prime?
False
Let o(q) = 282*q + 163. Is o(26) composite?
True
Suppose -4*z - 7 = -5*f, -4*z - 3*f + f + 14 = 0. Let t be (3 - z) + -2 + -1. Is (4/(-12))/(t/210) a prime number?
False
Let a = 7655 + -2800. Is a a prime number?
False
Is (5/20)/(8/85472) composite?
False
Suppose 33221 = 4*y - 9839. Suppose -5*c + 10*c = y. Is c composite?
False
Suppose 0 = 23*o - 27*o + 812. Is o composite?
True
Let s be (2 + -2)*(0 + 2)/4. Suppose 4*i - 15*i + 65461 = s. Is i a composite number?
True
Suppose -74*v + 37*v = -98309. Is v composite?
False
Suppose -5*p + 5*i - 2*i = 83, -2*i = -3*p - 50. Is 1/((p/1212)/(-4)) a composite number?
True
Suppose 270460 = 44*i - 24*i. Is i prime?
True
Let l(p) = 20*p**2 - 6*p + 6. Let s be l(2). Let u = s + 219. Is u composite?
False
Let j be -7*(74/14 - 1). Let m be (-544)/10 - 12/j. Let c = m + 116. Is c a composite number?
True
Suppose 5*m = -4*n + n + 48940, 2*m - n - 19587 = 0. Is m composite?
False
Let x = -55 - -55. Suppose x = -10*v + 12*v - 886. Is v a composite number?
False
Is ((-4)/(-4))/(1/11393) a prime number?
True
Let j be 0/2 + -1 + -2. Is -1*(-316 + j + 2) a prime number?
True
Suppose 267*d = 273*d - 33342. Is d prime?
True
Suppose -3*n + 12 = -0*w - 3*w, 2*w = 5*n - 32. Let x be 6949/7 - n/(-28). Suppose r + 2*r = x. Is r a composite number?
False
Let y(d) = 53*d**2 - 2*d + 4. Let f be (-2 + 5)/(1 - 2). Is y(f) composite?
False
Let u(i) = -84*i - 19. Let y(d) = -421*d - 96. Let n(m) = 11*u(m) - 2*y(m). Is n(-9) prime?
False
Let v = -18909 - -55600. Is v a composite number?
False
Let b = -11 + 14. Is (-985)/(-4) - b/(-4) prime?
False
Suppose 2*z + 2*j - 6636 = 0, 2*z + j + 4*j = 6639. Is z a composite number?
True
Let j be 2/(-3) + 1388/(-6). Suppose -2*x - 78 = 4*t + 324, 3*x + 401 = -4*t. Let i = t - j. Is i a prime number?
True
Suppose 6*b = b. Is b - (-1 + -1) - -233 composite?
True
Let x = -28543 + 41244. Is x a prime number?
False
Suppose -64 = 5*u - 7*u. Let s = 217 - u. Is s prime?
False
Let l = 16 + 0. Let i be (l/(-6))/(4/(-6)). Suppose -i*k + 164 - 32 = 0. Is k a prime number?
False
Let t(m) = 20*m + 3. Let f(y) = 40*y + 6. Let b(n) = 3*f(n) - 5*t(n). Let a be ((-18)/15)/((-6)/20). Is b(a) a composite number?
False
Suppose 3*p - 3828 = -3*b, 5*b - 4*b = 4*p - 5089. Is p a composite number?
True
Let m be (-57)/(4 - 385/95). Suppose m = 2*c - 319. Is c composite?
False
Suppose 0 = -2*q + 35485 + 63689. Is q composite?
True
Suppose 3*u - u + 8 = 0. Let b be 0 + 2/2 - u. Suppose -b*m = -3*m - 44. Is m prime?
False
Suppose 27 = 2*s + s - 3*y, 0 = -5*s + 2*y + 33. Suppose -4 = -2*j + 6, 2*a - s*j = 1773. Is a prime?
False
Suppose 2*m = 538 + 1416. Is m composite?
False
Let p be (-76)/(-19) + (-5)/1. Is (186/(-8))/(33/(-24) - p) a composite number?
True
Is 46*82/4*1 composite?
True
Suppose 28*k + 364122 = 82*k. Is k prime?
False
Suppose -16*y - 132809 = -527865. Is y a composite number?
False
Let n be -50*(-11)/((-220)/16). Let v be 5*38*1/(-2). Let h = n - v. Is h composite?
True
Let h(c) = 9*c**2 + 0*c**2 - 25 - 10*c**2 + 27*c. Is h(19) a prime number?
True
Is -2 - 15/(-6) - 34386/(-12) composite?
True
Suppose 17*d - 981934 = 21117. Is d a composite number?
True
Let p(d) be the second derivative of d**6/360 - d**5/120 - d**4/8 - d**3/2 - 5*d. Let n(j) be the second derivative of p(j). Is n(9) a prime number?
False
Suppose -2*v = 3*h - 4*h + 52, -20 = 5*h. Let k = v + 3371. Is k prime?
True
Let o(c) be the first derivative of 9*c**2/2 - 5*c - 3. Let f be o(3). Let h = f - -21. Is h a prime number?
True
Let h be 2/(-3)*(0 - 1293). Let l be -1 - (-82794)/48 - (-3)/24. Suppose f + f + 4*i - h = 0, l = 4*f - 2*i. Is f a composite number?
False
Let y(b) = -b**3 + 5*b**2 + 7*b - 4. Let g be y(6). Let p(w) = -5 + 3*w + 16*w**2 + 34*w**g - 33*w**2. Is p(2) a prime number?
False
Suppose 679 = -b - x + 2203, -2*b + 3*x = -3043. Is b a prime number?
True
Let b = -2355 + 6176. Is b a prime number?
True
Let l(h) = -36*h - 1. Let f(q) = -q - 1. Let a = -19 + 16. Let y(w) = a*f(w) + l(w). Is y(-13) composite?
False
Let f(w) = 22*w**2 + 35*w - 1492. Is f(58) prime?
False
Let g(h) be the first derivative of h**5/20 - h**4/3 - 2*h**3 + 4*h**2 - 3. Let k(w) be the second derivative of g(w). Is k(11) prime?
True
Let d be ((-26)/4 - -4)*-2. Suppose -158 + 7391 = 2*t + d*q, -2*t + 2*q + 7254 = 0. Suppose -4858 = -4*w + 2*x, 0 = -2*w - w - 5*x + t. Is w a prime number?
True
Let r(u) = -58*u + 49*u - 2*u**3 + u**3 - 7 - 8*u**2. Is r(-12) a composite number?
False
Is ((-4)/6)/(2/(-12777)) prime?
True
Is 1 - (-1*50016 + 0) prime?
False
Is -3246*((-3)/(-2) + -2) prime?
False
Suppose -60441 = -3*k + 3*c, -4*c - 3 = 13. Is k a prime number?
True
Suppose -4*s + 970 - 138 = 0. Suppose 5*x + 2*h - 31 = s, 5*h = 5*x - 225. Is x a prime number?
True
Suppose -y + 2*y - 159 = 0. Let r = 1764 + y. Is r a prime number?
False
Let c = 5900 + -2541. Is c a composite number?
False
Let h(x) = 1460*x**2 + 20*x - 71. Is h(6) prime?
True
Let k = -47 - -90. Let d = 164 - 54. Let i = d - k. Is i a composite number?
False
Suppose 0 = 38*i - 18*i - 1379860. Is i a composite number?
False
Let q(l) = -5*l - l - 3*l. Let n be q(-3). Is (-18)/n + (-233)/(-3) a prime number?
False
Suppose l - a - 19230 = -0*l, -3*l - 4*a = -57697. Is l a prime number?
True
Let b be (2/(-6))/((-6)/8604). Let k = 5 + b. Let v = k - 92. Is v a composite number?
True
Let k(m) = 14*m**2 - 9*m + 32. Let y be ((-9)/12 - -2)*(-4)/(-1). Is k(y) a composite number?
False
Suppose 2*z - 118 - 650 = 0. Let g = -62 + z. Suppose x = -x + g. Is x prime?
False
Is (2 + -5 - -2)/(37/(-89429)) a composite number?
False
Let y = 19323 + -12039. Let q = y - 3827. Is q a composite number?
False
Let x(g) = g**2 + 5*g + 6. Let a be x(-4). Suppose -4*k + 123 = c, -5*k = c - a*k - 124. Is c a composite number?
False
Let o = -2510 - -4452. Is o/(-4)*-4*(-7)/(-14) a prime number?
True
Let v be (-814)/4*20/(-10). Suppose 0 = l - 30 - v. Is l composite?
True
Let g(q) = q**3 - 6*q**2 - 13*q + 14. Let j(m) = -m**2 - m. Let c(l) = -g(l) + 5*j(l). Let t be c(10). Is (1/2)/((-3)/t) prime?
True
Let y be ((-1)/(-1) - (-14268)/1)*2. Is 16/28 - y/(-14) a composite number?
False
Let q(j) = -j**2 + 12*j + 17. Let c be q(13). Suppose -2*h = -10, c*h = -p + 4*p - 2329. Suppose 0 = -3*u - 3*b - b + p, 4*b = 12. Is u a prime number?
True
Suppose 3*g - 160 + 12007 = 3*r, -5*r - 4*g + 19718 = 0. Is r a composite number?
True
Let s(j) = j**3 + 4*j + 21. Let f(v) = -4*v**3 - 21*v - 105. Let m(t) = -2*f(t) - 11*s(t). Is m(-10) a composite number?
False
Let v(n) = 3*n**2 + 10*n + 16. Let x(j) = -j**2 - j + 1. Let g(q) = v(q) - 3*x(q). Is g(-8) a prime number?
True
Suppose 206 = -8*d + 238. Suppose -z - 1149 + 4669 = 0. Suppose w = -w + d*m + 1770, -3*m = -4*w + z. Is w prime?
True
Suppose 5*b - 24149 = -2*x, -7033 = -2*b - 3*x + 2620. Is b prime?
True
Suppose 4*m = -2*y + 8, 2*y = 48*m - 46*m - 4. Let v = 5931 + -2263. Suppose y = -25*a + 21*a + v. Is a prime?
False
Let i be (-7)/2 + (-6)/(-4). Is (0 + 1/i)*-254 a prime number?
True
Suppose 156*s + 508 = 160*s. Is s a composite number?
False
Let h(t) = -1 + t + 101*t**2 + 25*t**2 + 133*t**2. Is h(1) composite?
True
Suppose 0 = -12*j - 14*j + 952718. Is j a composite number?
False
Let p(k) = -k**2. Let g be p(0). Suppose 5*j + 235 - 95 = g. Is (4/8)/((-2)/j) a prime number?
True
Let u = 7130 + -3869. Is u composite?
True
Let l be 2*-2 - (-10026)/(-9). Let b = l - -2305. Is b a prime number?
True
Let u(y) = 819*y**2 + 10*y + 3. Is u(2) a prime number?
True
Suppose 68*d = 69*d - 4547. Is d composite?
False
Suppose -c - 3*c = -4. Is (-2706)/(-3)*((-4)/(-8))/c a prime number?
False
Let a(h) = -3*h**3 - 3*h**2 + 14*h - 13. Is a(-8) composite?
True
Let v(n) be the third derivative of -7*n**5/60 + 7*n**4/24 - 3*n**3/2 - 9*n**2. Let j(m) = -4*m**2 + 4*m - 4. Let a(w) = 5*j(w) - 3*v(w). Is a(4) prime?
True
Suppose -5*p + 35125 = 9930. Is p a pri